{"id":407,"date":"2024-02-22T20:02:24","date_gmt":"2024-02-22T17:02:24","guid":{"rendered":"https:\/\/sahibindentavuk.com\/?page_id=407"},"modified":"2025-01-28T14:04:12","modified_gmt":"2025-01-28T11:04:12","slug":"videolarimiz","status":"publish","type":"page","link":"https:\/\/sahibindentavuk.com\/index.php\/videolarimiz\/","title":{"rendered":"Videolar\u0131m\u0131z"},"content":{"rendered":"\n<h2 class=\"wp-block-heading has-neve-link-color-background-color has-background\">Atak-s &amp; S\u00fcssex &amp; Lohman Kar\u0131\u015f\u0131k Tavuk K\u00fcmesimiz <\/h2>\n\n\n\n<figure class=\"wp-block-video\"><video autoplay src=\"http:\/\/sahibindentavuk.com\/wp-content\/uploads\/2024\/01\/WhatsApp-Video-2024-01-30-saat-22.33.26_7b446561.mp4\"><\/video><\/figure>\n\n\n\n<h2 class=\"wp-block-heading has-neve-link-color-background-color has-background\">(Marek) ve (\u0130LT) a\u015f\u0131s\u0131 yap\u0131l\u0131rken<\/h2>\n\n\n\n<figure class=\"wp-block-video\"><video src=\"http:\/\/sahibindentavuk.com\/wp-content\/uploads\/2024\/02\/WhatsApp-Video-2024-01-29-saat-15.26.03_8e0a5285.mp4\"><\/video><\/figure>\n\n\n\n<h2 class=\"wp-block-heading has-neve-link-color-background-color has-background\">Di\u015fi erkek ayr\u0131m\u0131 yap\u0131l\u0131rken<\/h2>\n\n\n\n<figure class=\"wp-block-video\"><video controls src=\"http:\/\/sahibindentavuk.com\/wp-content\/uploads\/2024\/02\/WhatsApp-Video-2024-01-29-saat-15.26.59_a8c9b55f.mp4\"><\/video><\/figure>\n\n\n\n<h2 class=\"wp-block-heading has-neve-link-color-background-color has-background\">Di\u015fi erkek ayr\u0131m\u0131 yap\u0131l\u0131rken<\/h2>\n\n\n\n<figure class=\"wp-block-video\"><video src=\"http:\/\/sahibindentavuk.com\/wp-content\/uploads\/2024\/02\/WhatsApp-Video-2024-01-29-saat-15.26.33_85555321.mp4\"><\/video><\/figure>\n\n\n\n<h2 class=\"wp-block-heading has-neve-link-color-background-color has-background\">Atak-s &amp; Lohman Kar\u0131\u015f\u0131k Tavuk K\u00fcmesimiz<\/h2>\n\n\n\n<figure class=\"wp-block-video\"><video src=\"http:\/\/sahibindentavuk.com\/wp-content\/uploads\/2024\/01\/WhatsApp-Video-2024-01-30-saat-22.33.26_7b446561.mp4\"><\/video><\/figure>\n\n\n\n<h2 class=\"wp-block-heading has-neve-link-color-background-color has-background\">Mehmet Emin tavuk\u00e7uluk 15 g\u00fcnl\u00fckken yap\u0131lan ense a\u015f\u0131s\u0131 yap\u0131lmaktad\u0131r.<\/h2>\n\n\n\n<figure class=\"wp-block-video\"><video src=\"http:\/\/sahibindentavuk.com\/wp-content\/uploads\/2024\/02\/WhatsApp-Video-2024-01-29-saat-15.25.23_e30cd208.mp4\"><\/video><\/figure>\n\n\n\n<h2 class=\"wp-block-heading has-neve-link-color-background-color has-background\">Gumboro+Newcastle (yalanc\u0131 veba) 9.g\u00fcn inaktif a\u015f\u0131 15 g\u00fcnl\u00fck&nbsp;ense&nbsp;a\u015f\u0131s\u0131 yap\u0131l\u0131rken <\/h2>\n\n\n\n<figure class=\"wp-block-video\"><video src=\"http:\/\/sahibindentavuk.com\/wp-content\/uploads\/2024\/02\/WhatsApp-Video-2024-01-29-saat-15.25.44_c3da0db4.mp4\"><\/video><\/figure>\n\n\n\n<h2 class=\"wp-block-heading has-text-align-center has-background has-medium-font-size\" style=\"background-color:#18f123;font-style:normal;font-weight:700\">0532 437 45 23<\/h2>\n\n\n\n<h2 class=\"wp-block-heading has-text-align-center has-background has-large-font-size\" style=\"background-color:#edf200;font-style:normal;font-weight:700\">Bir insana tamamen g\u00fcvendi\u011finiz zaman ya \u00f6m\u00fcrl\u00fck bir dost edinirsiniz ya da hayat\u0131n\u0131z\u0131n dersini al\u0131rs\u0131n\u0131z.<\/h2>\n","protected":false},"excerpt":{"rendered":"<p>Atak-s &amp; S\u00fcssex &amp; Lohman Kar\u0131\u015f\u0131k Tavuk K\u00fcmesimiz (Marek) ve (\u0130LT) a\u015f\u0131s\u0131 yap\u0131l\u0131rken Di\u015fi erkek ayr\u0131m\u0131 yap\u0131l\u0131rken Di\u015fi erkek ayr\u0131m\u0131 yap\u0131l\u0131rken Atak-s &amp; Lohman Kar\u0131\u015f\u0131k Tavuk K\u00fcmesimiz Mehmet Emin tavuk\u00e7uluk 15 g\u00fcnl\u00fckken yap\u0131lan ense a\u015f\u0131s\u0131 yap\u0131lmaktad\u0131r. Gumboro+Newcastle (yalanc\u0131 veba) 9.g\u00fcn inaktif a\u015f\u0131 15 g\u00fcnl\u00fck&nbsp;ense&nbsp;a\u015f\u0131s\u0131 yap\u0131l\u0131rken 0532 437 45 23 Bir insana tamamen g\u00fcvendi\u011finiz zaman ya&hellip;&nbsp;<a href=\"https:\/\/sahibindentavuk.com\/index.php\/videolarimiz\/\" rel=\"bookmark\">Read More &raquo;<span class=\"screen-reader-text\">Videolar\u0131m\u0131z<\/span><\/a><\/p>\n","protected":false},"author":1,"featured_media":0,"parent":0,"menu_order":0,"comment_status":"closed","ping_status":"closed","template":"","meta":{"neve_meta_sidebar":"","neve_meta_container":"","neve_meta_enable_content_width":"","neve_meta_content_width":0,"neve_meta_title_alignment":"","neve_meta_author_avatar":"","neve_post_elements_order":"","neve_meta_disable_header":"","neve_meta_disable_footer":"","neve_meta_disable_title":"","_themeisle_gutenberg_block_has_review":false,"footnotes":""},"_links":{"self":[{"href":"https:\/\/sahibindentavuk.com\/index.php\/wp-json\/wp\/v2\/pages\/407"}],"collection":[{"href":"https:\/\/sahibindentavuk.com\/index.php\/wp-json\/wp\/v2\/pages"}],"about":[{"href":"https:\/\/sahibindentavuk.com\/index.php\/wp-json\/wp\/v2\/types\/page"}],"author":[{"embeddable":true,"href":"https:\/\/sahibindentavuk.com\/index.php\/wp-json\/wp\/v2\/users\/1"}],"replies":[{"embeddable":true,"href":"https:\/\/sahibindentavuk.com\/index.php\/wp-json\/wp\/v2\/comments?post=407"}],"version-history":[{"count":11,"href":"https:\/\/sahibindentavuk.com\/index.php\/wp-json\/wp\/v2\/pages\/407\/revisions"}],"predecessor-version":[{"id":488,"href":"https:\/\/sahibindentavuk.com\/index.php\/wp-json\/wp\/v2\/pages\/407\/revisions\/488"}],"wp:attachment":[{"href":"https:\/\/sahibindentavuk.com\/index.php\/wp-json\/wp\/v2\/media?parent=407"}],"curies":[{"name":"wp","href":"https:\/\/api.w.org\/{rel}","templated":true}]}}